{"id":110,"date":"2025-03-15T20:36:25","date_gmt":"2025-03-15T19:36:25","guid":{"rendered":"https:\/\/euqini-mod.com\/?page_id=110"},"modified":"2025-04-19T14:13:12","modified_gmt":"2025-04-19T12:13:12","slug":"lhistoire-du-nounours","status":"publish","type":"page","link":"https:\/\/euqini-mod.com\/index.php\/lhistoire-du-nounours\/","title":{"rendered":"L&rsquo;HISTOIRE DU NOUNOURS"},"content":{"rendered":"\n<p class=\"has-colibri-color-6-color has-text-color has-link-color wp-elements-60d42b41a04b5e9f4d593b1f5a0e1253\">BIENVENUE \u00e0 L\u2019OURSERIE au royaume des nounours<\/p>\n\n\n\n<p class=\"has-colibri-color-6-color has-text-color has-link-color wp-elements-a11b8cb447d591666a70a696a7e15166\">On appelle arctophile un collectionneur d\u2019ours en peluche. L&rsquo;arctophilie est la troisi\u00e8me collection la plus r\u00e9pandue du monde, apr\u00e8s la philat\u00e9lie (collection de timbres) et la numismatie (la monnaie) .<\/p>\n\n\n\n<p class=\"has-colibri-color-6-color has-text-color has-link-color wp-elements-feb6cf18c3a127f7919d9b74e1160206\">De l&rsquo;ours f\u00e9roce \u00e0 la peluche, la symbolique ambivalente de ce mammif\u00e8re se retrouve \u00e0 travers le monde au cours des si\u00e8cles et son capital de sympathie remonte \u00e0 l&rsquo;\u00e9poque victorienne, qui lance la mode de cet animal dans les zoos pour instruire et amuser. Il est alors reproduit en diff\u00e9rents mat\u00e9riaux (bois, porcelaine) et sert d&rsquo;objet de d\u00e9coration. C&rsquo;est en 1903 qu&rsquo;appara\u00eet le nom de l&rsquo;ours en peluche : Teddy Bear, surnom repris dans de nombreux pays. Ce nom lui vient du pr\u00e9sident des \u00c9tats-Unis Theodore Roosevelt, qui \u00e9tait surnomm\u00e9 \u00ab Teddy \u00bb et qui \u00e9tait un grand amateur de chasse. Une anecdote raconte qu&rsquo;un incident survient lors d&rsquo;une chasse \u00e0 l&rsquo;ours en novembre 1902 dans le Mississippi o\u00f9 il a \u00e9t\u00e9 invit\u00e9 pour arbitrer le conflit du trac\u00e9 des fronti\u00e8res qui opposait cet \u00c9tat \u00e0 la Louisiane: apr\u00e8s une journ\u00e9e bredouille, des rabatteurs lui proposent d&rsquo;abattre un ourson bless\u00e9 attach\u00e9 \u00e0 un arbre, pour qu&rsquo;il puisse ajouter un troph\u00e9e \u00e0 son tableau de chasse. Roosevelt, outr\u00e9, jugeant l&rsquo;acte anti-sportif, refuse de tuer l&rsquo;animal et ordonne qu&rsquo;on le lib\u00e8re.<\/p>\n\n\n\n<p class=\"has-colibri-color-6-color has-text-color has-link-color wp-elements-171674afd8a94b20861ae75acb7937f6\">La version allemande Margarete Steiff \u00e9tait une fabricante de jouets allemande, qui avait commenc\u00e9 \u00e0 produire des animaux en peluche d\u00e8s 1880, avec les restes de tissus de l&rsquo;usine de son oncle Steiff. En 1902, elle est convaincue par son neveu Richard Steiff, employ\u00e9 dans son entreprise, de cr\u00e9er un ours en peluche, qui selon lui aurait une popularit\u00e9 similaire chez les gar\u00e7ons et chez les filles. Il revenait du zoo de Stuttgart, o\u00f9 il avait r\u00e9alis\u00e9 des croquis d&rsquo;ours. Il lui pr\u00e9senta alors les plans d&rsquo;un ours articul\u00e9, l&rsquo;Ours PB 55, dont elle fabriqua un prototype en peluche de mohair, qu&rsquo;elle exposa \u00e0 la Foire de Printemps du jouet \u00e0 Leipzig en 1903<\/p>\n\n\n<div class=\"wp-block-image\">\n<figure class=\"aligncenter size-full\"><img loading=\"lazy\" decoding=\"async\" width=\"266\" height=\"364\" src=\"https:\/\/euqini-mod.com\/wp-content\/uploads\/2025\/03\/Teddybear_cartoon.jpg\" alt=\"\" class=\"wp-image-317\" srcset=\"https:\/\/euqini-mod.com\/wp-content\/uploads\/2025\/03\/Teddybear_cartoon.jpg 266w, https:\/\/euqini-mod.com\/wp-content\/uploads\/2025\/03\/Teddybear_cartoon-219x300.jpg 219w\" sizes=\"auto, (max-width: 266px) 100vw, 266px\" \/><\/figure><\/div>","protected":false},"excerpt":{"rendered":"<p>BIENVENUE \u00e0 L\u2019OURSERIE au royaume des nounours On appelle arctophile un collectionneur d\u2019ours [&hellip;]<\/p>\n","protected":false},"author":1,"featured_media":0,"parent":0,"menu_order":0,"comment_status":"closed","ping_status":"closed","template":"","meta":{"footnotes":""},"class_list":["post-110","page","type-page","status-publish","hentry"],"jetpack_sharing_enabled":true,"_links":{"self":[{"href":"https:\/\/euqini-mod.com\/index.php\/wp-json\/wp\/v2\/pages\/110","targetHints":{"allow":["GET"]}}],"collection":[{"href":"https:\/\/euqini-mod.com\/index.php\/wp-json\/wp\/v2\/pages"}],"about":[{"href":"https:\/\/euqini-mod.com\/index.php\/wp-json\/wp\/v2\/types\/page"}],"author":[{"embeddable":true,"href":"https:\/\/euqini-mod.com\/index.php\/wp-json\/wp\/v2\/users\/1"}],"replies":[{"embeddable":true,"href":"https:\/\/euqini-mod.com\/index.php\/wp-json\/wp\/v2\/comments?post=110"}],"version-history":[{"count":9,"href":"https:\/\/euqini-mod.com\/index.php\/wp-json\/wp\/v2\/pages\/110\/revisions"}],"predecessor-version":[{"id":721,"href":"https:\/\/euqini-mod.com\/index.php\/wp-json\/wp\/v2\/pages\/110\/revisions\/721"}],"wp:attachment":[{"href":"https:\/\/euqini-mod.com\/index.php\/wp-json\/wp\/v2\/media?parent=110"}],"curies":[{"name":"wp","href":"https:\/\/api.w.org\/{rel}","templated":true}]}}