{"id":392,"date":"2025-03-16T15:06:06","date_gmt":"2025-03-16T14:06:06","guid":{"rendered":"https:\/\/euqini-mod.com\/?page_id=392"},"modified":"2025-06-03T22:54:44","modified_gmt":"2025-06-03T20:54:44","slug":"euqini-mod","status":"publish","type":"page","link":"https:\/\/euqini-mod.com\/index.php\/euqini-mod\/","title":{"rendered":"EUQINI-MOD"},"content":{"rendered":"\n<p class=\"has-text-align-center has-large-font-size\">Boutique en ligne cliquez sur <\/p>\n\n\n\n<p class=\"has-text-align-center has-large-font-size\">le nom du produit ci-dessous !<\/p>\n\n\n\n<p class=\"has-text-align-center has-colibri-color-5-color has-colibri-color-6-background-color has-text-color has-background has-link-color has-x-large-font-size wp-elements-bac06ce44c22259099b48e10fb568f9b\"><a href=\"https:\/\/euqini-mod.com\/index.php\/nos-sacs\/\" data-type=\"page\" data-id=\"483\">NOS SACS<\/a><\/p>\n\n\n\n<p class=\"has-text-align-center has-colibri-color-5-color has-colibri-color-6-background-color has-text-color has-background has-link-color has-x-large-font-size wp-elements-60afd8c97f786891c5757195662e1413\">NOS TABLIERS<\/p>\n\n\n\n<p class=\"has-text-align-center has-x-large-font-size\">Collection en cours de r\u00e9alisations pour les tabliers, bient\u00f4t disponible !<\/p>\n\n\n\n<div style=\"height:100px\" aria-hidden=\"true\" class=\"wp-block-spacer\"><\/div>\n\n\n\n<p class=\"has-text-align-center has-colibri-color-5-color has-colibri-color-6-background-color has-text-color has-background has-link-color has-medium-font-size wp-elements-d06d305631a3838faee3fde82becc57b\">CREATIONS ARTISANALES EN TISSU : UN SAVOIR FAIRE UNIQUE<\/p>\n\n\n\n<p class=\"has-colibri-color-5-color has-colibri-color-6-background-color has-text-color has-background has-link-color wp-elements-d2b72e49ef4469f2157cdeade60c153e\">Bienvenue dans mon atelier d\u00e9di\u00e9 \u00e0 l\u2019univers de la cr\u00e9ation textile artisanale<\/p>\n\n\n\n<p class=\"has-colibri-color-5-color has-colibri-color-6-background-color has-text-color has-background has-link-color wp-elements-897b775a5a4e1f9f4898f2efbc788280\">Passionn\u00e9e par la couture, je s\u00e9lectionne avec soin des tissus de qualit\u00e9 pour confectionner des accessoires uniques : sacs, pochettes, tabliers, coussins et bien plus encore<\/p>\n\n\n\n<p class=\"has-colibri-color-5-color has-colibri-color-6-background-color has-text-color has-background has-link-color wp-elements-563784dfedecd7373b272405b47ae21a\">Chaque mod\u00e8le est imagin\u00e9 et r\u00e9alis\u00e9 avec une attention particuli\u00e8re aux finitions et aux d\u00e9tails. Toutes mes cr\u00e9ations sont uniques, et je propose \u00e9galement des r\u00e9alisations personnalis\u00e9es selon vos envies. Que ce soit pour un cadeau ou pour vous faire plaisir, je mets mon savoir faire \u00e0 votre service pour concevoir des pi\u00e8ces qui vous ressemblent.<\/p>\n\n\n\n<p class=\"has-colibri-color-5-color has-colibri-color-6-background-color has-text-color has-background has-link-color wp-elements-c2c6aac6fa2fe5616b3b3f13c8044ae5\">N\u2019h\u00e9sitez pas \u00e0 me contacter pour toute demande sur mesure. Bonne d\u00e9couverte<\/p>\n\n\n<div class=\"wp-block-image\">\n<figure class=\"aligncenter size-large\"><img loading=\"lazy\" decoding=\"async\" width=\"1024\" height=\"237\" src=\"http:\/\/euqini-mod.com\/wp-content\/uploads\/2025\/03\/61958ded-9722-4c25-aa0f-32d6e3822a34-edited-1024x237.jpg\" alt=\"\" class=\"wp-image-394\" srcset=\"https:\/\/euqini-mod.com\/wp-content\/uploads\/2025\/03\/61958ded-9722-4c25-aa0f-32d6e3822a34-edited-1024x237.jpg 1024w, https:\/\/euqini-mod.com\/wp-content\/uploads\/2025\/03\/61958ded-9722-4c25-aa0f-32d6e3822a34-edited-600x139.jpg 600w, https:\/\/euqini-mod.com\/wp-content\/uploads\/2025\/03\/61958ded-9722-4c25-aa0f-32d6e3822a34-edited-300x70.jpg 300w, https:\/\/euqini-mod.com\/wp-content\/uploads\/2025\/03\/61958ded-9722-4c25-aa0f-32d6e3822a34-edited-768x178.jpg 768w, https:\/\/euqini-mod.com\/wp-content\/uploads\/2025\/03\/61958ded-9722-4c25-aa0f-32d6e3822a34-edited-1536x356.jpg 1536w, https:\/\/euqini-mod.com\/wp-content\/uploads\/2025\/03\/61958ded-9722-4c25-aa0f-32d6e3822a34-edited.jpg 1889w\" sizes=\"auto, (max-width: 1024px) 100vw, 1024px\" \/><\/figure><\/div>\n\n\n<p><\/p>\n","protected":false},"excerpt":{"rendered":"<p>Boutique en ligne cliquez sur le nom du produit ci-dessous ! NOS SACS [&hellip;]<\/p>\n","protected":false},"author":1,"featured_media":0,"parent":0,"menu_order":0,"comment_status":"closed","ping_status":"closed","template":"","meta":{"footnotes":""},"class_list":["post-392","page","type-page","status-publish","hentry"],"jetpack_sharing_enabled":true,"_links":{"self":[{"href":"https:\/\/euqini-mod.com\/index.php\/wp-json\/wp\/v2\/pages\/392","targetHints":{"allow":["GET"]}}],"collection":[{"href":"https:\/\/euqini-mod.com\/index.php\/wp-json\/wp\/v2\/pages"}],"about":[{"href":"https:\/\/euqini-mod.com\/index.php\/wp-json\/wp\/v2\/types\/page"}],"author":[{"embeddable":true,"href":"https:\/\/euqini-mod.com\/index.php\/wp-json\/wp\/v2\/users\/1"}],"replies":[{"embeddable":true,"href":"https:\/\/euqini-mod.com\/index.php\/wp-json\/wp\/v2\/comments?post=392"}],"version-history":[{"count":9,"href":"https:\/\/euqini-mod.com\/index.php\/wp-json\/wp\/v2\/pages\/392\/revisions"}],"predecessor-version":[{"id":1181,"href":"https:\/\/euqini-mod.com\/index.php\/wp-json\/wp\/v2\/pages\/392\/revisions\/1181"}],"wp:attachment":[{"href":"https:\/\/euqini-mod.com\/index.php\/wp-json\/wp\/v2\/media?parent=392"}],"curies":[{"name":"wp","href":"https:\/\/api.w.org\/{rel}","templated":true}]}}