{"id":1017,"date":"2025-06-02T17:44:16","date_gmt":"2025-06-02T15:44:16","guid":{"rendered":"https:\/\/euqini-mod.com\/?post_type=product&#038;p=1017"},"modified":"2025-06-04T21:05:58","modified_gmt":"2025-06-04T19:05:58","slug":"fabien-le-canadien","status":"publish","type":"product","link":"https:\/\/euqini-mod.com\/index.php\/produit\/fabien-le-canadien\/","title":{"rendered":"FABIEN LE CANADIEN"},"content":{"rendered":"\r\n<p class=\"has-colibri-color-6-color has-text-color has-link-color wp-elements-d7308186680ae59ab5d43e5657ae207b\">J<a>e m\u2019appelle FABIEN. Je suis confectionn\u00e9 dans une fourrure mohair douce Steiff Schulte couleur blanc.\u00a0 J\u2019ai de jolis yeux en verre noirs et un petit sourire tout doux comme mon pelage. Je suis un nounours canadien et apr\u00e8s une randonn\u00e9e dans le grand froid je suis rentr\u00e9 bien au chaud chez moi. J\u2019ai mis mon joli pull tricot\u00e9 mains.<\/a> Mes bras, jambes et t\u00eate articul\u00e9s, m\u2019offrent la possibilit\u00e9 de me mettre dans diff\u00e9rentes positions.<\/p>\r\n\r\n\r\n\r\n<p>Je mesure 52 cm<\/p>\r\n\r\n\r\n\r\n<p>&nbsp;<\/p>\r\n<p><strong><u>Mat\u00e9riaux<\/u><\/strong><strong>\u00a0:<\/strong><\/p>\r\n\r\n\r\n\r\n<ul class=\"wp-block-list\">\r\n<li>Mohair allemand Steiff schulte couleur blanc<\/li>\r\n\r\n\r\n\r\n<li>Yeux en verre\u00a0:\u00a0 noir<\/li>\r\n\r\n\r\n\r\n<li>Coussinets et oreilles en mohair blanc<\/li>\r\n\r\n\r\n\r\n<li>V\u00eatement\u00a0: pantalon en velours marron fonc\u00e9 et pull rouge et blanc<\/li>\r\n\r\n\r\n\r\n<li>Articulations traditionnelles \u00e0 goupilles fendues dans les bras, les jambes et la t\u00eate<\/li>\r\n\r\n\r\n\r\n<li>Remplissage : laine de mouton<\/li>\r\n\r\n\r\n\r\n<li>Museau fil coton noir<\/li>\r\n\r\n\r\n\r\n<li>Accessoire\u00a0: pins canadien<\/li>\r\n<\/ul>\r\n\r\n\r\n\r\n<ul class=\"wp-block-list\">\r\n<li><strong><u>Mis en garde<\/u><\/strong><strong> : <\/strong>\u00a0<strong>Contient des \u00e9l\u00e9ments amovibles susceptibles d&rsquo;\u00eatre ing\u00e9r\u00e9s. Ne convient pas \u00e0 un enfant de moins de 14 ans pour les cadeaux de naissance il sera mis en d\u00e9coration. Il convient pour les collectionneurs et amateurs de peluches d\u00e9coratives<\/strong><\/li>\r\n<\/ul>\r\n<p class=\"has-text-align-center has-colibri-color-5-color has-colibri-color-4-background-color has-text-color has-background has-link-color has-large-font-size wp-elements-c75fbf8cc5b0b4c372bbfb52bc0884d8\" style=\"text-align: center;\">EN VENTE CHEZ NOTRE PARTENAIRE<\/p>\r\n<div class=\"wp-block-cover is-repeated\">\r\n<div class=\"wp-block-cover__inner-container is-layout-flow wp-block-cover-is-layout-flow\">\r\n<p class=\"has-text-align-center has-colibri-color-5-color has-text-color has-link-color has-large-font-size wp-elements-cdc3599cbe94a6cce8477b06bcc9d680\"><a href=\"https:\/\/orignalfringant.ca\/\"><img loading=\"lazy\" decoding=\"async\" class=\"aligncenter wp-image-782 size-full\" src=\"http:\/\/euqini-mod.com\/wp-content\/uploads\/2025\/05\/lorignal.jpg\" alt=\"\" width=\"466\" height=\"108\" srcset=\"https:\/\/euqini-mod.com\/wp-content\/uploads\/2025\/05\/lorignal.jpg 466w, https:\/\/euqini-mod.com\/wp-content\/uploads\/2025\/05\/lorignal-300x70.jpg 300w\" sizes=\"auto, (max-width: 466px) 100vw, 466px\" \/><\/a><\/p>\r\n<\/div>\r\n<\/div>\r\n<p><a href=\"https:\/\/euqini-mod.com\/index.php\/ours-en-mohair\/\"><img loading=\"lazy\" decoding=\"async\" class=\"alignnone wp-image-639 size-full\" src=\"http:\/\/euqini-mod.com\/wp-content\/uploads\/2025\/04\/LOGO-RETOUR-OURS.jpg\" alt=\"\" width=\"158\" height=\"151\" \/><\/a><\/p>\r\n","protected":false},"excerpt":{"rendered":"<p>Je m\u2019appelle FABIEN. Je suis confectionn\u00e9 dans une fourrure mohair douce Steiff Schulte [&hellip;]<\/p>\n","protected":false},"featured_media":554,"comment_status":"open","ping_status":"closed","template":"","meta":[],"product_brand":[],"product_cat":[25],"product_tag":[45,29,44],"class_list":{"0":"post-1017","1":"product","2":"type-product","3":"status-publish","4":"has-post-thumbnail","6":"product_cat-ours-en-mohair","7":"product_tag-fabien","8":"product_tag-mohair","9":"product_tag-ours","11":"first","12":"instock","13":"product-type-simple"},"jetpack_sharing_enabled":true,"_links":{"self":[{"href":"https:\/\/euqini-mod.com\/index.php\/wp-json\/wp\/v2\/product\/1017","targetHints":{"allow":["GET"]}}],"collection":[{"href":"https:\/\/euqini-mod.com\/index.php\/wp-json\/wp\/v2\/product"}],"about":[{"href":"https:\/\/euqini-mod.com\/index.php\/wp-json\/wp\/v2\/types\/product"}],"replies":[{"embeddable":true,"href":"https:\/\/euqini-mod.com\/index.php\/wp-json\/wp\/v2\/comments?post=1017"}],"wp:featuredmedia":[{"embeddable":true,"href":"https:\/\/euqini-mod.com\/index.php\/wp-json\/wp\/v2\/media\/554"}],"wp:attachment":[{"href":"https:\/\/euqini-mod.com\/index.php\/wp-json\/wp\/v2\/media?parent=1017"}],"wp:term":[{"taxonomy":"product_brand","embeddable":true,"href":"https:\/\/euqini-mod.com\/index.php\/wp-json\/wp\/v2\/product_brand?post=1017"},{"taxonomy":"product_cat","embeddable":true,"href":"https:\/\/euqini-mod.com\/index.php\/wp-json\/wp\/v2\/product_cat?post=1017"},{"taxonomy":"product_tag","embeddable":true,"href":"https:\/\/euqini-mod.com\/index.php\/wp-json\/wp\/v2\/product_tag?post=1017"}],"curies":[{"name":"wp","href":"https:\/\/api.w.org\/{rel}","templated":true}]}}