{"id":913,"date":"2025-06-02T00:01:04","date_gmt":"2025-06-01T22:01:04","guid":{"rendered":"https:\/\/euqini-mod.com\/?post_type=product&#038;p=913"},"modified":"2025-07-20T15:55:39","modified_gmt":"2025-07-20T13:55:39","slug":"andre-en-costume-de-soiree","status":"publish","type":"product","link":"https:\/\/euqini-mod.com\/index.php\/produit\/andre-en-costume-de-soiree\/","title":{"rendered":"ANDRE EN COSTUME DE SOIREE"},"content":{"rendered":"\r\n<p>Je m\u2019appelle ANDRE ! Je suis confectionn\u00e9 dans une fourrure Alpaga Steiff Schulte blanc d\u2019une extr\u00eame douceur et de tr\u00e8s haute qualit\u00e9. Un cocktail est organis\u00e9 ce soir pour mon anniversaire alors j\u2019ai mis mon beau costume de soir\u00e9e. On m\u2019appelle l\u2019\u00e9l\u00e9gant et j\u2019aime \u00e7a, mes amis aiment mon petit sourire narquois. Mes yeux en verre de couleur vert, ronds et brillants, me donnent une expression douce et pleine d\u2019empathie. Mes bras, jambes et t\u00eate articul\u00e9s, m\u2019offrent la possibilit\u00e9 de me mettre dans diff\u00e9rentes positions.<\/p>\r\n\r\n\r\n\r\n<p>Je mesure 50 cm<\/p>\r\n\r\n\r\n\r\n<p>&nbsp;<\/p>\r\n<p><strong><u>Mat\u00e9riaux<\/u><\/strong><strong>\u00a0:<\/strong><\/p>\r\n\r\n\r\n\r\n<ul class=\"wp-block-list\">\r\n<li>Alpaga allemand Steiff schulte blanc<\/li>\r\n\r\n\r\n\r\n<li>Yeux en verre\u00a0: \u00a0vert<\/li>\r\n\r\n\r\n\r\n<li>Coussinets, oreilles en alpaga blanc<\/li>\r\n\r\n\r\n\r\n<li>V\u00eatement\u00a0: pantalon velours couleur or, veste tissu coton motif g\u00e9om\u00e9trique doubl\u00e9e gabardine couleur or, n\u0153ud papillon assorti<\/li>\r\n\r\n\r\n\r\n<li>Articulations traditionnelles \u00e0 goupilles fendues dans les bras, les jambes et la t\u00eate<\/li>\r\n\r\n\r\n\r\n<li>Remplissage : laine de mouton<\/li>\r\n\r\n\r\n\r\n<li>Museau fil de coton marron fonc\u00e9<\/li>\r\n<\/ul>\r\n\r\n\r\n\r\n<ul class=\"wp-block-list\">\r\n<li><strong><u>Mis en garde<\/u><\/strong><strong> : <\/strong>\u00a0<strong>Contient des \u00e9l\u00e9ments amovibles susceptibles d\u2019\u00eatre ing\u00e9r\u00e9s. Ne convient pas \u00e0 un enfant de moins de 14 ans pour les cadeaux de naissance il sera mis en d\u00e9coration. Il convient pour les collectionneurs et amateurs de peluches d\u00e9coratives<\/strong><\/li>\r\n<\/ul>\r\n<p><a href=\"https:\/\/euqini-mod.com\/index.php\/ours-en-mohair\/\"><img loading=\"lazy\" decoding=\"async\" class=\"alignnone wp-image-639 size-full\" src=\"http:\/\/euqini-mod.com\/wp-content\/uploads\/2025\/04\/LOGO-RETOUR-OURS.jpg\" alt=\"\" width=\"158\" height=\"151\" \/><\/a><\/p>\r\n","protected":false},"excerpt":{"rendered":"<p>Je m\u2019appelle ANDRE ! Je suis confectionn\u00e9 dans une fourrure Alpaga Steiff Schulte [&hellip;]<\/p>\n","protected":false},"featured_media":767,"comment_status":"open","ping_status":"closed","template":"","meta":[],"product_brand":[],"product_cat":[33],"product_tag":[32,28,29],"class_list":{"0":"post-913","1":"product","2":"type-product","3":"status-publish","4":"has-post-thumbnail","6":"product_cat-ours-en-alpaga","7":"product_tag-alpaga","8":"product_tag-andre","9":"product_tag-mohair","11":"first","12":"outofstock","13":"sold-individually","14":"purchasable","15":"product-type-simple"},"jetpack_sharing_enabled":true,"_links":{"self":[{"href":"https:\/\/euqini-mod.com\/index.php\/wp-json\/wp\/v2\/product\/913","targetHints":{"allow":["GET"]}}],"collection":[{"href":"https:\/\/euqini-mod.com\/index.php\/wp-json\/wp\/v2\/product"}],"about":[{"href":"https:\/\/euqini-mod.com\/index.php\/wp-json\/wp\/v2\/types\/product"}],"replies":[{"embeddable":true,"href":"https:\/\/euqini-mod.com\/index.php\/wp-json\/wp\/v2\/comments?post=913"}],"wp:featuredmedia":[{"embeddable":true,"href":"https:\/\/euqini-mod.com\/index.php\/wp-json\/wp\/v2\/media\/767"}],"wp:attachment":[{"href":"https:\/\/euqini-mod.com\/index.php\/wp-json\/wp\/v2\/media?parent=913"}],"wp:term":[{"taxonomy":"product_brand","embeddable":true,"href":"https:\/\/euqini-mod.com\/index.php\/wp-json\/wp\/v2\/product_brand?post=913"},{"taxonomy":"product_cat","embeddable":true,"href":"https:\/\/euqini-mod.com\/index.php\/wp-json\/wp\/v2\/product_cat?post=913"},{"taxonomy":"product_tag","embeddable":true,"href":"https:\/\/euqini-mod.com\/index.php\/wp-json\/wp\/v2\/product_tag?post=913"}],"curies":[{"name":"wp","href":"https:\/\/api.w.org\/{rel}","templated":true}]}}