{"id":936,"date":"2025-06-02T00:21:05","date_gmt":"2025-06-01T22:21:05","guid":{"rendered":"https:\/\/euqini-mod.com\/?post_type=product&#038;p=936"},"modified":"2025-08-23T00:16:04","modified_gmt":"2025-08-22T22:16:04","slug":"andre-le-jardinier","status":"publish","type":"product","link":"https:\/\/euqini-mod.com\/index.php\/produit\/andre-le-jardinier\/","title":{"rendered":"ANDR\u00c9 LE JARDINIER"},"content":{"rendered":"\r\n<p>Je m\u2019appelle ANDRE. Je suis confectionn\u00e9 dans une fourrure mohair douce Steiff Schulte couleur marron fonc\u00e9.\u00a0 J\u2019ai de jolis yeux en verre noirs et un petit sourire sympa. Je suis un jardinier heureux, avec mes fleurs c\u2019est le bonheur. Je vous ai cueilli un joli bouquet. Mes bras, jambes et t\u00eate articul\u00e9s, m\u2019offrent la possibilit\u00e9 de me mettre dans diff\u00e9rentes positions.<\/p>\r\n\r\n\r\n\r\n<p>Je mesure 50 cm<\/p>\r\n\r\n\r\n\r\n<p>&nbsp;<\/p>\r\n<p><strong><u>Mat\u00e9riaux<\/u><\/strong><strong>\u00a0:<\/strong><\/p>\r\n\r\n\r\n\r\n<ul class=\"wp-block-list\">\r\n<li>Mohair allemand Steiff schulte couleur marron fonc\u00e9<\/li>\r\n\r\n\r\n\r\n<li>Yeux en verre\u00a0:\u00a0 noir<\/li>\r\n\r\n\r\n\r\n<li>Coussinets en velours marron oreilles en mohair marron fonc\u00e9<\/li>\r\n\r\n\r\n\r\n<li>V\u00eatement\u00a0: salopette grise \u00e0 rayures blanches<\/li>\r\n\r\n\r\n\r\n<li>Articulations traditionnelles \u00e0 goupilles fendues dans les bras, les jambes et la t\u00eate<\/li>\r\n\r\n\r\n\r\n<li>Remplissage : laine de mouton<\/li>\r\n\r\n\r\n\r\n<li>Museau fil coton noir<\/li>\r\n\r\n\r\n\r\n<li>Accessoire\u00a0: chapeau de paille, bouquet de fleur, arrosoir.<\/li>\r\n<\/ul>\r\n\r\n\r\n\r\n<ul class=\"wp-block-list\">\r\n<li><strong><u>Mis en garde<\/u><\/strong><strong> : <\/strong>\u00a0<strong>Contient des \u00e9l\u00e9ments amovibles susceptibles d&rsquo;\u00eatre ing\u00e9r\u00e9s. Ne convient pas \u00e0 un enfant de moins de 14 ans pour les cadeaux de naissance il sera mis en d\u00e9coration. Il convient pour les collectionneurs et amateurs de peluches d\u00e9coratives<\/strong><\/li>\r\n<\/ul>\r\n<p><a href=\"https:\/\/euqini-mod.com\/index.php\/ours-en-mohair\/\"><img loading=\"lazy\" decoding=\"async\" class=\"alignnone wp-image-639 size-full\" src=\"http:\/\/euqini-mod.com\/wp-content\/uploads\/2025\/04\/LOGO-RETOUR-OURS.jpg\" alt=\"\" width=\"158\" height=\"151\" \/><\/a><\/p>\r\n","protected":false},"excerpt":{"rendered":"<p>Je m\u2019appelle ANDRE. Je suis confectionn\u00e9 dans une fourrure mohair douce Steiff Schulte [&hellip;]<\/p>\n","protected":false},"featured_media":1587,"comment_status":"open","ping_status":"closed","template":"","meta":[],"product_brand":[],"product_cat":[25],"product_tag":[28,29],"class_list":{"0":"post-936","1":"product","2":"type-product","3":"status-publish","4":"has-post-thumbnail","6":"product_cat-ours-en-mohair","7":"product_tag-andre","8":"product_tag-mohair","10":"first","11":"instock","12":"sold-individually","13":"purchasable","14":"product-type-simple"},"jetpack_sharing_enabled":true,"_links":{"self":[{"href":"https:\/\/euqini-mod.com\/index.php\/wp-json\/wp\/v2\/product\/936","targetHints":{"allow":["GET"]}}],"collection":[{"href":"https:\/\/euqini-mod.com\/index.php\/wp-json\/wp\/v2\/product"}],"about":[{"href":"https:\/\/euqini-mod.com\/index.php\/wp-json\/wp\/v2\/types\/product"}],"replies":[{"embeddable":true,"href":"https:\/\/euqini-mod.com\/index.php\/wp-json\/wp\/v2\/comments?post=936"}],"wp:featuredmedia":[{"embeddable":true,"href":"https:\/\/euqini-mod.com\/index.php\/wp-json\/wp\/v2\/media\/1587"}],"wp:attachment":[{"href":"https:\/\/euqini-mod.com\/index.php\/wp-json\/wp\/v2\/media?parent=936"}],"wp:term":[{"taxonomy":"product_brand","embeddable":true,"href":"https:\/\/euqini-mod.com\/index.php\/wp-json\/wp\/v2\/product_brand?post=936"},{"taxonomy":"product_cat","embeddable":true,"href":"https:\/\/euqini-mod.com\/index.php\/wp-json\/wp\/v2\/product_cat?post=936"},{"taxonomy":"product_tag","embeddable":true,"href":"https:\/\/euqini-mod.com\/index.php\/wp-json\/wp\/v2\/product_tag?post=936"}],"curies":[{"name":"wp","href":"https:\/\/api.w.org\/{rel}","templated":true}]}}